 the greatest common factor of k and 279?
93
Let k(o) = o**2 + 3*o - 120. Let t be k(10). Suppose -2*i - 1 + 25 = z, -2*z = -i - 48. Suppose 436 + z = t*p. What is the highest common divisor of 184 and p?
46
Let h(i) = -i**3 - 7*i**2 - 6*i - 2. Let w be h(-7). Suppose 39*p = w*p - 11. Calculate the highest common divisor of p and 143.
11
Suppose 37 = 2*k + 1. Let y(a) = -a**2 + 38*a - 309. Let t be y(21). What is the greatest common divisor of k and t?
6
Let s(j) = j**2 - 493*j + 1970. Let v be s(4). What is the greatest common divisor of 4081 and v?
7
Let r be (6/(-5))/(126/(-15456))*630/28. Calculate the highest common divisor of 648 and r.
72
Suppose 48734 + 1490 = -11*r + 84*r. What is the highest common factor of 32 and r?
16
Suppose s + 26 = 3*o, o - 17*s + 19*s - 4 = 0. Suppose -2*m - 104 - 52 = -r, -5*r + 796 = -2*m. Let z = 232 - r. What is the highest common divisor of o and z?
8
Let l(j) = 11*j + 2. Suppose 15 = 4*z - 17. Let h be l(z). Suppose -69*i + 10 = -68*i. What is the highest common divisor of h and i?
10
Let f = -7703 - -8200. Calculate the highest common divisor of f and 84.
7
Let v be (294/(-735))/(1 - 2478/2475). What is the highest common factor of 210 and v?
30
Let i(g) = 2*g**2 - 25*g - 844. Let k be i(-16). Calculate the highest common divisor of 26792 and k.
68
Let c = -12 + 18. Let a be c/9 + 1/3 + -2. Let x be 65*(-1 - (-21)/(-15)*a). What is the highest common factor of 182 and x?
26
Suppose -637*n = -677*n + 320. What is the greatest common factor of n and 155?
1
Suppose 241668 = 192*z - 201056 + 99044. Calculate the highest common factor of 60 and z.
10
Let m(f) = 8 + 13 - 95*f**2 + 15*f + 96*f**2. Let j be m(-17). Suppose 3*t - 2*g - 84 = -4*g, g - j = -2*t. Calculate the greatest common divisor of t and 26.
26
Let r = -18260 - -18266. Suppose -3*o + 9 = -2*o. Suppose -2*c = 2*b - 24, -r = -c - 2*b + o. What is the highest common divisor of 9 and c?
9
Let n(g) = -5 + 2*g - 2*g + 2*g - 9. Let x be n(25). Suppose -62 = -9*o + 4*o + q, -4*o + 2*q = -52. Calculate the highest common factor of o and x.
12
Let z = -739 - -1870. What is the greatest common divisor of 348 and z?
87
Suppose 211*q = 2*n + 216*q - 1932, 0 = 3*n - 5*q - 2998. What is the greatest common factor of n and 510?
34
Suppose s + 20 = -7. Let v be 18/4*(-18)/s. Suppose -h + 65 = v*y, 5*h - 80 - 215 = -5*y. Calculate the greatest common divisor of h and 14.
14
Suppose 3*r = -3*u + 28593, 4*u = -54*r + 35*r + 38154. What is the greatest common factor of 26 and u?
13
Suppose -5*k = -3*k - 12. Let h(s) = -6202*s - 43410. Let f be h(-7). What is the highest common factor of k and f?
2
Let b(u) = -74*u - 31. Let y be b(-6). Let f = y - 381. Calculate the highest common divisor of f and 352.
32
Let i(w) = -3*w**2 - 2*w + 3. Suppose -4*d - 18 = 2*x, -3*x - 17 = 3*d + 1. Let p be i(x). Let t = p + 20. Calculate the highest common divisor of t and 5.
1
Suppose 3*d - 17 = -m + 6*d, 2*d + 20 = 5*m. Suppose 0 = -m*c + 29 + 39. Let b = 1266 - 1249. What is the greatest common divisor of c and b?
17
Let i(k) = -3*k**2 + 21*k + 32. Let z be i(8). Calculate the greatest common divisor of z and 16.
8
Let k be 10662340/1460 - (-10)/365. Calculate the greatest common divisor of 109 and k.
109
Let k be (-7)/((-7)/3)*189/81. Let j be 3/2*(-70)/(-3). What is the greatest common factor of k and j?
7
Suppose -304 = -16*q - 3*q. Let o be 10 - -6 - (-1 + 3 - 2). Calculate the highest common factor of o and q.
16
Let o(c) = -3*c**3 + 46*c**2 - 12*c + 80. Let n be o(15). Calculate the greatest common divisor of 10 and n.
5
Let l = 8797 + -8016. What is the highest common divisor of 213 and l?
71
Let p(s) = 6*s + 72. Let y be p(-11). Let n be y/((135/(-12))/(-15)). What is the highest common divisor of 8 and n?
8
Suppose 0 = 4*f + 4, 82 = -x - f - 129. Let s be 3*2/(-9)*x. Let h be -5*7/(s/(-176)). Calculate the highest common factor of h and 66.
22
Suppose -37*q = -39*q + 4*c + 2, 6 = -2*q + 5*c. Calculate the greatest common divisor of q and 2363.
17
Suppose 14*c - 224 - 210 = 0. Suppose -c*l - 1129 = -2741. What is the greatest common factor of l and 65?
13
Let w(f) = f**2 - 42*f - 146. Let c be w(48). What is the greatest common factor of c and 497?
71
Let o = -12458 - -13852. What is the highest common divisor of o and 136?
34
Let i(j) be the third derivative of j**5/60 - 11*j**4/12 + 5*j**3/3 + 38*j**2. Let m be i(18). Let t = 76 + m. Calculate the greatest common factor of 14 and t.
14
Suppose 32 = 4*g - 2*j, -4*g + 4*j + 8 = 8*j. Suppose -2*c + 4*c = g. Suppose 3*a - 32 = -a - 2*d, c*d - 6 = 0. What is the highest common divisor of 28 and a?
7
Let g be -1 - (1 + -4 - 34). Let z = 318 + 22. Let j be -5 - z/50*(-10)/4. Calculate the highest common factor of g and j.
12
Let c be 1 + -8 - -44 - 5. Suppose 3506 = 5*y + 2*u, -23 = 3*u - c. What is the highest common divisor of y and 56?
28
Let w(h) = h**2 + h + 1. Let n be w(-6). Let b = 48 - n. Suppose 22*r - 130 = b*r. What is the greatest common factor of r and 208?
26
Let u be (-2 - (-1 + -1)) + (723 - (-5 - 14)). Calculate the highest common divisor of 14 and u.
14
Let i(d) = -d**3 - 24*d**2 + 44*d - 23. Suppose -2*b - 30 = r, -3*b - 17 = 3*r + 67. Let w be i(r). Calculate the highest common factor of w and 111.
37
Suppose -1147*x + 58396 + 35658 = 0. Suppose -5*c - 4*l = -1028 - 809, 2*l + 1480 = 4*c. What is the highest common factor of x and c?
41
Suppose 5*v + g - 30 = -2, 0 = -2*g + 6. Suppose -6*z = -v*z - 87. Calculate the highest common divisor of 3 and z.
3
Let i(z) = z**3 + 24*z**2 + 5*z + 166. Let k be i(-21). What is the greatest common factor of 8 and k?
8
Let c(k) = -170*k - 1694. Let r be c(-10). What is the greatest common divisor of r and 604?
2
Suppose -45*a + 75*a + 192 = 46*a. What is the highest common factor of 1266 and a?
6
Let u(b) = -3*b + 31. Let c be u(-7). Let y = c + -13. Let t be 1 + -1 + 11 - -2. What is the greatest common factor of y and t?
13
Suppose 132 = 4*t + 3*f, -4*t + 374*f + 100 = 369*f. What is the greatest common factor of 2290 and t?
10
Let q = 7149 - 7107. What is the greatest common divisor of q and 14406?
42
Let p = -1490 + 1600. Let r(d) be the first derivative of d**2/2 + 2*d + 3. Let m be r(8). What is the highest common factor of m and p?
10
Let k(z) = -55 - 62 + 136 - 10*z + 4*z**2 - 3*z**2. Let x be k(5). Let w be ((-36)/8 - 3)*16/x. What is the highest common divisor of 60 and w?
20
Let m(w) = 331*w - 5420. Let b be m(19). What is the highest common divisor of b and 407?
11
Let j be 1 - (5 - 0/(-4)). Let n be (-2)/(j/25) - 2/4. Let y be (18/12)/(3/n). What is the greatest common divisor of 2 and y?
2
Suppose -8692 = -17*v + 4415. Let l = 799 - v. Calculate the greatest common divisor of l and 7.
7
Suppose 3*p + 3*p = 1260. Suppose -p = -4*o - o. Suppose 12*g + 126 = 14*g. Calculate the highest common divisor of g and o.
21
Let t = 13883 - 13844. Calculate the greatest common factor of t and 8697.
39
Let c(v) be the first derivative of v**4/4 + 2*v**3/3 - 7*v**2/2 - v + 102. Let h be c(2). Calculate the highest common factor of h and 41.
1
Suppose -17340 = -8*v + 1036. Suppose 34*n - v - 22489 = 0. Calculate the greatest common factor of n and 27.
27
Let g be (-10)/2*182/(-35). Let b = g + -17. Suppose -5*d = -3*u - 6*d + 110, -2*u = -d - 70. What is the greatest common divisor of u and b?
9
Suppose -20 = -l - 4*l, -4*l = 3*v - 46. Let h be (-340)/(-51)*60/5. What is the greatest common factor of v and h?
10
Suppose -5*v - 2*f = -2204, -5*v = -2*f - 1594 - 602. What is the highest common factor of v and 1210?
110
Let n be (3/6)/(1/136). Let h(b) = -b**2 - 4*b + 19. Let l be h(0). Suppose 393 = l*q + 70. Calculate the greatest common divisor of n and q.
17
Let g be (2 + -32)*64/(-40). Suppose -2*m - 6*p = -2*p - 1072, -m - 3*p + 540 = 0. Calculate the highest common factor of g and m.
48
Suppose 3*x - 170 = -2*x. Let i = -310 + 314. Let o be i + -49*12/(-6). What is the highest common factor of o and x?
34
Suppose 3*o - 543 = -3*r + 1026, 0 = 2*r + o - 1048. What is the greatest common divisor of r and 840?
105
Let j(d) = 172*d - 2318. Let i be j(16). Suppose 5*y - 134 = -2*b, 3*b + y - 128 = 60. What is the highest common factor of i and b?
62
Suppose 5254*r - 5